{"id":304,"date":"2024-04-05T03:40:33","date_gmt":"2024-04-05T03:40:33","guid":{"rendered":"http:\/\/crecerinc.com\/?page_id=304"},"modified":"2024-07-03T20:12:51","modified_gmt":"2024-07-03T20:12:51","slug":"about-us","status":"publish","type":"page","link":"https:\/\/crecerinc.com\/es\/about-us\/","title":{"rendered":"Nosotros"},"content":{"rendered":"<div data-elementor-type=\"wp-page\" data-elementor-id=\"304\" class=\"elementor elementor-304\" data-elementor-post-type=\"page\">\n\t\t\t\t<div class=\"elementor-element elementor-element-8ebd6cc e-flex e-con-boxed e-con e-parent\" data-id=\"8ebd6cc\" data-element_type=\"container\" data-e-type=\"container\" data-settings=\"{&quot;background_background&quot;:&quot;classic&quot;}\">\n\t\t\t\t\t<div class=\"e-con-inner\">\n\t\t\t\t<div class=\"elementor-element elementor-element-3d62c7d elementor-widget elementor-widget-heading\" data-id=\"3d62c7d\" data-element_type=\"widget\" data-e-type=\"widget\" data-widget_type=\"heading.default\">\n\t\t\t\t<div class=\"elementor-widget-container\">\n\t\t\t\t\t<h3 class=\"elementor-heading-title elementor-size-default\"><a href=\"https:\/\/crecerinc.com\/es\/about-us\/\">NOSOTROS<\/a><\/h3>\t\t\t\t<\/div>\n\t\t\t\t<\/div>\n\t\t\t\t<div class=\"elementor-element elementor-element-e8580a7 elementor-widget elementor-widget-heading\" data-id=\"e8580a7\" data-element_type=\"widget\" data-e-type=\"widget\" data-widget_type=\"heading.default\">\n\t\t\t\t<div class=\"elementor-widget-container\">\n\t\t\t\t\t<div class=\"elementor-heading-title elementor-size-default\">Crecer es un proceso a trav\u00e9s del cual los organismos vivos se agrandan, maduran y mejoran su desarrollo en diferentes aspectos. Crecer psico-emocionalmente y en relaci\u00f3n con los dem\u00e1s es un derecho y una responsabilidad personal, que a veces incluye la necesidad y el deseo de participar en una experiencia psicoterap\u00e9utica que nos ayude a estar mejor equipados al embarcarnos en un proceso de cambio y sanaci\u00f3n.<\/div>\t\t\t\t<\/div>\n\t\t\t\t<\/div>\n\t\t\t\t<div class=\"elementor-element elementor-element-b42deb8 elementor-widget elementor-widget-heading\" data-id=\"b42deb8\" data-element_type=\"widget\" data-e-type=\"widget\" data-widget_type=\"heading.default\">\n\t\t\t\t<div class=\"elementor-widget-container\">\n\t\t\t\t\t<h3 class=\"elementor-heading-title elementor-size-default\"><a href=\"https:\/\/crecerinc.com\/es\/professional-services\/\">ACERCA DEL CENTRO<\/a><\/h3>\t\t\t\t<\/div>\n\t\t\t\t<\/div>\n\t\t\t\t<div class=\"elementor-element elementor-element-7a92698 elementor-widget elementor-widget-heading\" data-id=\"7a92698\" data-element_type=\"widget\" data-e-type=\"widget\" data-widget_type=\"heading.default\">\n\t\t\t\t<div class=\"elementor-widget-container\">\n\t\t\t\t\t<div class=\"elementor-heading-title elementor-size-default\">Crecer, Inc. es un Centro de Psicoterapia que, durante las \u00faltimas dos d\u00e9cadas, ha brindado servicios de psicoterapia profesional biling\u00fce, competente e integral a individuos, ni\u00f1os \/ adolescentes, parejas y familias. El Centro tambi\u00e9n ofrece capacitaciones profesionales, seminarios comunitarios y supervisi\u00f3n cl\u00ednica. El equipo de Crecer incluye m\u00e9dicos experimentados cuidadosamente seleccionados que est\u00e1n altamente comprometidos con el campo de la salud mental y la comunidad. Adem\u00e1s, la fundadora, presidenta y directora de Crecer, Priska Imberti, realiza evaluaciones familiares e individuales competentes y efectivas para todos los procesos relacionados con la inmigraci\u00f3n, as\u00ed como testimonios de testigos expertos para los tribunales de inmigraci\u00f3n de EE. UU.<\/div>\t\t\t\t<\/div>\n\t\t\t\t<\/div>\n\t\t\t\t<div class=\"elementor-element elementor-element-2faf42f elementor-widget elementor-widget-heading\" data-id=\"2faf42f\" data-element_type=\"widget\" data-e-type=\"widget\" data-widget_type=\"heading.default\">\n\t\t\t\t<div class=\"elementor-widget-container\">\n\t\t\t\t\t<h3 class=\"elementor-heading-title elementor-size-default\"><a href=\"https:\/\/crecerinc.com\/es\/professional-services\/\">ACERCA DEL EQUIPO<\/a><\/h3>\t\t\t\t<\/div>\n\t\t\t\t<\/div>\n\t\t\t\t<div class=\"elementor-element elementor-element-a303e35 elementor-widget elementor-widget-heading\" data-id=\"a303e35\" data-element_type=\"widget\" data-e-type=\"widget\" data-widget_type=\"heading.default\">\n\t\t\t\t<div class=\"elementor-widget-container\">\n\t\t\t\t\t<div class=\"elementor-heading-title elementor-size-default\">Todos los terapeutas en Crecer son profesionales licenciados y biling\u00fces altamente calificados para ofrecer apoyo a individuos y familias que presenten conflictos relacionales, ansiedad, depresi\u00f3n, dificultades infanto-juveniles y una amplia gama de problemas psico-emocionales que necesiten atenci\u00f3n.<\/div>\t\t\t\t<\/div>\n\t\t\t\t<\/div>\n\t\t\t\t<div class=\"elementor-element elementor-element-23e858b elementor-widget elementor-widget-heading\" data-id=\"23e858b\" data-element_type=\"widget\" data-e-type=\"widget\" data-widget_type=\"heading.default\">\n\t\t\t\t<div class=\"elementor-widget-container\">\n\t\t\t\t\t<h3 class=\"elementor-heading-title elementor-size-default\"><a href=\"https:\/\/crecerinc.com\/es\/about-us\/\">ACERCA DE PRISKA<\/a><\/h3>\t\t\t\t<\/div>\n\t\t\t\t<\/div>\n\t\t\t\t<div class=\"elementor-element elementor-element-522c2b7 elementor-widget elementor-widget-heading\" data-id=\"522c2b7\" data-element_type=\"widget\" data-e-type=\"widget\" data-widget_type=\"heading.default\">\n\t\t\t\t<div class=\"elementor-widget-container\">\n\t\t\t\t\t<div class=\"elementor-heading-title elementor-size-default\">Priska Imberti, LCSW-R, BCC es una Trabajadora Social Cl\u00ednica Licenciada biling\u00fce con experiencia en Psicolog\u00eda Cl\u00ednica, Trabajo Social Cl\u00ednico, Terapia Familiar, Trabajo Social Forense y Coaching. Despu\u00e9s de completar un programa de posgrado en el Instituto Ackerman para la Familia en la ciudad de Nueva York, se convirti\u00f3 en Coach Certificada por la Junta, Asesora de Negocios Familiares; y Mediadora de Divorcios y Familias. Obtuvo el certificado del Programa de Salud Mental Global de Harvard sobre Trauma de Refugiados; y tambi\u00e9n se convirti\u00f3 en Proveedora Cl\u00ednicamente Certificada de Servicios para V\u00edctimas de Trata de Personas por la Asociaci\u00f3n Nacional de Consejeros Forenses (NAFC).\n<\/div>\t\t\t\t<\/div>\n\t\t\t\t<\/div>\n\t\t\t\t<div class=\"elementor-element elementor-element-18b5fad elementor-widget elementor-widget-heading\" data-id=\"18b5fad\" data-element_type=\"widget\" data-e-type=\"widget\" data-widget_type=\"heading.default\">\n\t\t\t\t<div class=\"elementor-widget-container\">\n\t\t\t\t\t<div class=\"elementor-heading-title elementor-size-default\">\u201cAsistir a mis clientes desde un abordaje basado en las fortalezas personales, culturalmente af\u00edn, enfatizando la autodeterminaci\u00f3n, las fortalezas innatas, los recursos y la resiliencia individual para enfrentarse a adversidades en la compleja y siempre- cambiante realidad en donde vivimos, se ha convertido, indudablemente, en el n\u00facleo de mi pr\u00e1ctica psicoterap\u00e9utica y lo que personal y profesionalmente me motiva a continuar trabajando en aras del bienestar de todos.\u201d<\/div>\t\t\t\t<\/div>\n\t\t\t\t<\/div>\n\t\t\t\t<div class=\"elementor-element elementor-element-40ec904 elementor-widget elementor-widget-heading\" data-id=\"40ec904\" data-element_type=\"widget\" data-e-type=\"widget\" data-widget_type=\"heading.default\">\n\t\t\t\t<div class=\"elementor-widget-container\">\n\t\t\t\t\t<div class=\"elementor-heading-title elementor-size-default\">Priska Imberti<\/div>\t\t\t\t<\/div>\n\t\t\t\t<\/div>\n\t\t\t\t\t<\/div>\n\t\t\t\t<\/div>\n\t\t\t\t<\/div>","protected":false},"excerpt":{"rendered":"<p>ABOUT US Crecer, which means \u2018to grow\u2019 in Spanish, is a process through which a living organism becomes larger, more mature, better developed in different and multiple aspects. To grow psycho-emotionally and in relation with others is a human right and a responsibility that sometimes includes the need and\/or desire to engage in a psychotherapy&hellip;<\/p>","protected":false},"author":2,"featured_media":0,"parent":0,"menu_order":0,"comment_status":"closed","ping_status":"closed","template":"","meta":{"footnotes":""},"class_list":["post-304","page","type-page","status-publish","hentry"],"amp_enabled":true,"_links":{"self":[{"href":"https:\/\/crecerinc.com\/es\/wp-json\/wp\/v2\/pages\/304","targetHints":{"allow":["GET"]}}],"collection":[{"href":"https:\/\/crecerinc.com\/es\/wp-json\/wp\/v2\/pages"}],"about":[{"href":"https:\/\/crecerinc.com\/es\/wp-json\/wp\/v2\/types\/page"}],"author":[{"embeddable":true,"href":"https:\/\/crecerinc.com\/es\/wp-json\/wp\/v2\/users\/2"}],"replies":[{"embeddable":true,"href":"https:\/\/crecerinc.com\/es\/wp-json\/wp\/v2\/comments?post=304"}],"version-history":[{"count":25,"href":"https:\/\/crecerinc.com\/es\/wp-json\/wp\/v2\/pages\/304\/revisions"}],"predecessor-version":[{"id":575,"href":"https:\/\/crecerinc.com\/es\/wp-json\/wp\/v2\/pages\/304\/revisions\/575"}],"wp:attachment":[{"href":"https:\/\/crecerinc.com\/es\/wp-json\/wp\/v2\/media?parent=304"}],"curies":[{"name":"wp","href":"https:\/\/api.w.org\/{rel}","templated":true}]}}

<div data-elementor-type="wp-page" data-elementor-id="304" class="elementor elementor-304" data-elementor-post-type="page">
				<div class="elementor-element elementor-element-8ebd6cc e-flex e-con-boxed e-con e-parent" data-id="8ebd6cc" data-element_type="container" data-e-type="container" data-settings="{&quot;background_background&quot;:&quot;classic&quot;}">
					<div class="e-con-inner">
				<div class="elementor-element elementor-element-3d62c7d elementor-widget elementor-widget-heading" data-id="3d62c7d" data-element_type="widget" data-e-type="widget" data-widget_type="heading.default">
				<div class="elementor-widget-container">
					<h3 class="elementor-heading-title elementor-size-default"><a href="https://crecerinc.com/es/about-us/">NOSOTROS</a></h3>				</div>
				</div>
				<div class="elementor-element elementor-element-e8580a7 elementor-widget elementor-widget-heading" data-id="e8580a7" data-element_type="widget" data-e-type="widget" data-widget_type="heading.default">
				<div class="elementor-widget-container">
					<div class="elementor-heading-title elementor-size-default">Crecer es un proceso a través del cual los organismos vivos se agrandan, maduran y mejoran su desarrollo en diferentes aspectos. Crecer psico-emocionalmente y en relación con los demás es un derecho y una responsabilidad personal, que a veces incluye la necesidad y el deseo de participar en una experiencia psicoterapéutica que nos ayude a estar mejor equipados al embarcarnos en un proceso de cambio y sanación.</div>				</div>
				</div>
				<div class="elementor-element elementor-element-b42deb8 elementor-widget elementor-widget-heading" data-id="b42deb8" data-element_type="widget" data-e-type="widget" data-widget_type="heading.default">
				<div class="elementor-widget-container">
					<h3 class="elementor-heading-title elementor-size-default"><a href="https://crecerinc.com/es/professional-services/">ACERCA DEL CENTRO</a></h3>				</div>
				</div>
				<div class="elementor-element elementor-element-7a92698 elementor-widget elementor-widget-heading" data-id="7a92698" data-element_type="widget" data-e-type="widget" data-widget_type="heading.default">
				<div class="elementor-widget-container">
					<div class="elementor-heading-title elementor-size-default">Crecer, Inc. es un Centro de Psicoterapia que, durante las últimas dos décadas, ha brindado servicios de psicoterapia profesional bilingüe, competente e integral a individuos, niños / adolescentes, parejas y familias. El Centro también ofrece capacitaciones profesionales, seminarios comunitarios y supervisión clínica. El equipo de Crecer incluye médicos experimentados cuidadosamente seleccionados que están altamente comprometidos con el campo de la salud mental y la comunidad. Además, la fundadora, presidenta y directora de Crecer, Priska Imberti, realiza evaluaciones familiares e individuales competentes y efectivas para todos los procesos relacionados con la inmigración, así como testimonios de testigos expertos para los tribunales de inmigración de EE. UU.</div>				</div>
				</div>
				<div class="elementor-element elementor-element-2faf42f elementor-widget elementor-widget-heading" data-id="2faf42f" data-element_type="widget" data-e-type="widget" data-widget_type="heading.default">
				<div class="elementor-widget-container">
					<h3 class="elementor-heading-title elementor-size-default"><a href="https://crecerinc.com/es/professional-services/">ACERCA DEL EQUIPO</a></h3>				</div>
				</div>
				<div class="elementor-element elementor-element-a303e35 elementor-widget elementor-widget-heading" data-id="a303e35" data-element_type="widget" data-e-type="widget" data-widget_type="heading.default">
				<div class="elementor-widget-container">
					<div class="elementor-heading-title elementor-size-default">Todos los terapeutas en Crecer son profesionales licenciados y bilingües altamente calificados para ofrecer apoyo a individuos y familias que presenten conflictos relacionales, ansiedad, depresión, dificultades infanto-juveniles y una amplia gama de problemas psico-emocionales que necesiten atención.</div>				</div>
				</div>
				<div class="elementor-element elementor-element-23e858b elementor-widget elementor-widget-heading" data-id="23e858b" data-element_type="widget" data-e-type="widget" data-widget_type="heading.default">
				<div class="elementor-widget-container">
					<h3 class="elementor-heading-title elementor-size-default"><a href="https://crecerinc.com/es/about-us/">ACERCA DE PRISKA</a></h3>				</div>
				</div>
				<div class="elementor-element elementor-element-522c2b7 elementor-widget elementor-widget-heading" data-id="522c2b7" data-element_type="widget" data-e-type="widget" data-widget_type="heading.default">
				<div class="elementor-widget-container">
					<div class="elementor-heading-title elementor-size-default">Priska Imberti, LCSW-R, BCC es una Trabajadora Social Clínica Licenciada bilingüe con experiencia en Psicología Clínica, Trabajo Social Clínico, Terapia Familiar, Trabajo Social Forense y Coaching. Después de completar un programa de posgrado en el Instituto Ackerman para la Familia en la ciudad de Nueva York, se convirtió en Coach Certificada por la Junta, Asesora de Negocios Familiares; y Mediadora de Divorcios y Familias. Obtuvo el certificado del Programa de Salud Mental Global de Harvard sobre Trauma de Refugiados; y también se convirtió en Proveedora Clínicamente Certificada de Servicios para Víctimas de Trata de Personas por la Asociación Nacional de Consejeros Forenses (NAFC).
</div>				</div>
				</div>
				<div class="elementor-element elementor-element-18b5fad elementor-widget elementor-widget-heading" data-id="18b5fad" data-element_type="widget" data-e-type="widget" data-widget_type="heading.default">
				<div class="elementor-widget-container">
					<div class="elementor-heading-title elementor-size-default">“Asistir a mis clientes desde un abordaje basado en las fortalezas personales, culturalmente afín, enfatizando la autodeterminación, las fortalezas innatas, los recursos y la resiliencia individual para enfrentarse a adversidades en la compleja y siempre- cambiante realidad en donde vivimos, se ha convertido, indudablemente, en el núcleo de mi práctica psicoterapéutica y lo que personal y profesionalmente me motiva a continuar trabajando en aras del bienestar de todos.”</div>				</div>
				</div>
				<div class="elementor-element elementor-element-40ec904 elementor-widget elementor-widget-heading" data-id="40ec904" data-element_type="widget" data-e-type="widget" data-widget_type="heading.default">
				<div class="elementor-widget-container">
					<div class="elementor-heading-title elementor-size-default">Priska Imberti</div>				</div>
				</div>
					</div>
				</div>
				</div>
